{"id":5,"date":"2021-02-28T14:41:45","date_gmt":"2021-02-28T13:41:45","guid":{"rendered":"http:\/\/hotellaroseraie.fr\/?page_id=5"},"modified":"2021-03-10T23:42:18","modified_gmt":"2021-03-10T22:42:18","slug":"welcome-to-hotel-galaxy-theme","status":"publish","type":"page","link":"https:\/\/www.hotellaroseraie.fr\/index.php\/welcome-to-hotel-galaxy-theme\/","title":{"rendered":"Restaurant"},"content":{"rendered":"\n<div class=\"wp-block-group alignwide\"><div class=\"wp-block-group__inner-container\">\n<div class=\"wp-block-group alignwide\"><div class=\"wp-block-group__inner-container\">\n<div class=\"wp-block-group alignwide\"><div class=\"wp-block-group__inner-container\">\n<p class=\"has-text-align-center\" style=\"font-size:22px\"><strong><em>Notre restaurant gastronomique vous offre une cuisine raffin\u00e9e, une carte pr\u00e9cieusement pr\u00e9par\u00e9e et un service des meilleurs vous attend par notre personnel recrut\u00e9 a dessein aussi nous nous proposons pour organiser vous f\u00eates familiales, banquets, s\u00e9minaires et autres.<\/em><\/strong><\/p>\n<\/div><\/div>\n<\/div><\/div>\n<\/div><\/div>\n\n\n\n<figure class=\"wp-block-gallery aligncenter columns-1 is-cropped\"><ul class=\"blocks-gallery-grid\"><li class=\"blocks-gallery-item\"><figure><img loading=\"lazy\" width=\"1024\" height=\"768\" src=\"http:\/\/hotellaroseraie.fr\/wp-content\/uploads\/2021\/03\/received_8801706994423461-1024x768.jpeg\" alt=\"\" data-id=\"567\" data-full-url=\"http:\/\/hotellaroseraie.fr\/wp-content\/uploads\/2021\/03\/received_8801706994423461.jpeg\" data-link=\"http:\/\/hotellaroseraie.fr\/index.php\/welcome-to-hotel-galaxy-theme\/received_8801706994423461\/\" class=\"wp-image-567\" srcset=\"https:\/\/www.hotellaroseraie.fr\/wp-content\/uploads\/2021\/03\/received_8801706994423461-1024x768.jpeg 1024w, https:\/\/www.hotellaroseraie.fr\/wp-content\/uploads\/2021\/03\/received_8801706994423461-300x225.jpeg 300w, https:\/\/www.hotellaroseraie.fr\/wp-content\/uploads\/2021\/03\/received_8801706994423461-768x576.jpeg 768w, https:\/\/www.hotellaroseraie.fr\/wp-content\/uploads\/2021\/03\/received_8801706994423461-1536x1152.jpeg 1536w, https:\/\/www.hotellaroseraie.fr\/wp-content\/uploads\/2021\/03\/received_8801706994423461.jpeg 2016w\" sizes=\"(max-width: 1024px) 100vw, 1024px\" \/><\/figure><\/li><\/ul><\/figure>\n\n\n\n<figure class=\"wp-block-gallery aligncenter columns-3 is-cropped\"><ul class=\"blocks-gallery-grid\"><li class=\"blocks-gallery-item\"><figure><img loading=\"lazy\" width=\"1024\" height=\"576\" src=\"http:\/\/hotellaroseraie.fr\/wp-content\/uploads\/2021\/03\/File-00088-1024x576.jpg\" alt=\"\" data-id=\"164\" data-full-url=\"http:\/\/hotellaroseraie.fr\/wp-content\/uploads\/2021\/03\/File-00088-scaled.jpg\" data-link=\"http:\/\/hotellaroseraie.fr\/index.php\/welcome-to-hotel-galaxy-theme\/file-00088-2\/\" class=\"wp-image-164\" srcset=\"https:\/\/www.hotellaroseraie.fr\/wp-content\/uploads\/2021\/03\/File-00088-1024x576.jpg 1024w, https:\/\/www.hotellaroseraie.fr\/wp-content\/uploads\/2021\/03\/File-00088-300x169.jpg 300w, https:\/\/www.hotellaroseraie.fr\/wp-content\/uploads\/2021\/03\/File-00088-768x432.jpg 768w, https:\/\/www.hotellaroseraie.fr\/wp-content\/uploads\/2021\/03\/File-00088-1536x864.jpg 1536w, https:\/\/www.hotellaroseraie.fr\/wp-content\/uploads\/2021\/03\/File-00088-2048x1152.jpg 2048w\" sizes=\"(max-width: 1024px) 100vw, 1024px\" \/><\/figure><\/li><li class=\"blocks-gallery-item\"><figure><img loading=\"lazy\" width=\"1024\" height=\"576\" src=\"http:\/\/hotellaroseraie.fr\/wp-content\/uploads\/2021\/03\/File-00089-1024x576.jpg\" alt=\"\" data-id=\"165\" data-full-url=\"http:\/\/hotellaroseraie.fr\/wp-content\/uploads\/2021\/03\/File-00089-scaled.jpg\" data-link=\"http:\/\/hotellaroseraie.fr\/index.php\/welcome-to-hotel-galaxy-theme\/file-00089-3\/\" class=\"wp-image-165\" srcset=\"https:\/\/www.hotellaroseraie.fr\/wp-content\/uploads\/2021\/03\/File-00089-1024x576.jpg 1024w, https:\/\/www.hotellaroseraie.fr\/wp-content\/uploads\/2021\/03\/File-00089-300x169.jpg 300w, https:\/\/www.hotellaroseraie.fr\/wp-content\/uploads\/2021\/03\/File-00089-768x432.jpg 768w, https:\/\/www.hotellaroseraie.fr\/wp-content\/uploads\/2021\/03\/File-00089-1536x864.jpg 1536w, https:\/\/www.hotellaroseraie.fr\/wp-content\/uploads\/2021\/03\/File-00089-2048x1152.jpg 2048w\" sizes=\"(max-width: 1024px) 100vw, 1024px\" \/><\/figure><\/li><li class=\"blocks-gallery-item\"><figure><img loading=\"lazy\" width=\"1024\" height=\"695\" src=\"http:\/\/hotellaroseraie.fr\/wp-content\/uploads\/2021\/03\/File-00117-1024x695.jpg\" alt=\"\" data-id=\"166\" data-full-url=\"http:\/\/hotellaroseraie.fr\/wp-content\/uploads\/2021\/03\/File-00117.jpg\" data-link=\"http:\/\/hotellaroseraie.fr\/index.php\/welcome-to-hotel-galaxy-theme\/file-00117-2\/\" class=\"wp-image-166\" srcset=\"https:\/\/www.hotellaroseraie.fr\/wp-content\/uploads\/2021\/03\/File-00117-1024x695.jpg 1024w, https:\/\/www.hotellaroseraie.fr\/wp-content\/uploads\/2021\/03\/File-00117-300x204.jpg 300w, https:\/\/www.hotellaroseraie.fr\/wp-content\/uploads\/2021\/03\/File-00117-768x521.jpg 768w, https:\/\/www.hotellaroseraie.fr\/wp-content\/uploads\/2021\/03\/File-00117.jpg 1053w\" sizes=\"(max-width: 1024px) 100vw, 1024px\" \/><\/figure><\/li><li class=\"blocks-gallery-item\"><figure><img loading=\"lazy\" width=\"1024\" height=\"685\" src=\"http:\/\/hotellaroseraie.fr\/wp-content\/uploads\/2021\/03\/File-00171-1024x685.jpg\" alt=\"\" data-id=\"169\" data-full-url=\"http:\/\/hotellaroseraie.fr\/wp-content\/uploads\/2021\/03\/File-00171-scaled.jpg\" data-link=\"http:\/\/hotellaroseraie.fr\/index.php\/welcome-to-hotel-galaxy-theme\/file-00171\/\" class=\"wp-image-169\" srcset=\"https:\/\/www.hotellaroseraie.fr\/wp-content\/uploads\/2021\/03\/File-00171-1024x685.jpg 1024w, https:\/\/www.hotellaroseraie.fr\/wp-content\/uploads\/2021\/03\/File-00171-300x201.jpg 300w, https:\/\/www.hotellaroseraie.fr\/wp-content\/uploads\/2021\/03\/File-00171-768x514.jpg 768w, https:\/\/www.hotellaroseraie.fr\/wp-content\/uploads\/2021\/03\/File-00171-1536x1028.jpg 1536w, https:\/\/www.hotellaroseraie.fr\/wp-content\/uploads\/2021\/03\/File-00171-2048x1371.jpg 2048w\" sizes=\"(max-width: 1024px) 100vw, 1024px\" \/><\/figure><\/li><li class=\"blocks-gallery-item\"><figure><img loading=\"lazy\" width=\"1024\" height=\"685\" src=\"http:\/\/hotellaroseraie.fr\/wp-content\/uploads\/2021\/03\/File-00193-1024x685.jpg\" alt=\"\" data-id=\"170\" data-full-url=\"http:\/\/hotellaroseraie.fr\/wp-content\/uploads\/2021\/03\/File-00193-scaled.jpg\" data-link=\"http:\/\/hotellaroseraie.fr\/index.php\/welcome-to-hotel-galaxy-theme\/file-00193-2\/\" class=\"wp-image-170\" srcset=\"https:\/\/www.hotellaroseraie.fr\/wp-content\/uploads\/2021\/03\/File-00193-1024x685.jpg 1024w, https:\/\/www.hotellaroseraie.fr\/wp-content\/uploads\/2021\/03\/File-00193-300x201.jpg 300w, https:\/\/www.hotellaroseraie.fr\/wp-content\/uploads\/2021\/03\/File-00193-768x514.jpg 768w, https:\/\/www.hotellaroseraie.fr\/wp-content\/uploads\/2021\/03\/File-00193-1536x1028.jpg 1536w, https:\/\/www.hotellaroseraie.fr\/wp-content\/uploads\/2021\/03\/File-00193-2048x1371.jpg 2048w\" sizes=\"(max-width: 1024px) 100vw, 1024px\" \/><\/figure><\/li><li class=\"blocks-gallery-item\"><figure><img loading=\"lazy\" width=\"1024\" height=\"576\" src=\"http:\/\/hotellaroseraie.fr\/wp-content\/uploads\/2021\/03\/File-00241-1024x576.jpg\" alt=\"\" data-id=\"172\" data-full-url=\"http:\/\/hotellaroseraie.fr\/wp-content\/uploads\/2021\/03\/File-00241-scaled.jpg\" data-link=\"http:\/\/hotellaroseraie.fr\/index.php\/welcome-to-hotel-galaxy-theme\/file-00241\/\" class=\"wp-image-172\" srcset=\"https:\/\/www.hotellaroseraie.fr\/wp-content\/uploads\/2021\/03\/File-00241-1024x576.jpg 1024w, https:\/\/www.hotellaroseraie.fr\/wp-content\/uploads\/2021\/03\/File-00241-300x169.jpg 300w, https:\/\/www.hotellaroseraie.fr\/wp-content\/uploads\/2021\/03\/File-00241-768x432.jpg 768w, https:\/\/www.hotellaroseraie.fr\/wp-content\/uploads\/2021\/03\/File-00241-1536x864.jpg 1536w, https:\/\/www.hotellaroseraie.fr\/wp-content\/uploads\/2021\/03\/File-00241-2048x1152.jpg 2048w\" sizes=\"(max-width: 1024px) 100vw, 1024px\" \/><\/figure><\/li><li class=\"blocks-gallery-item\"><figure><img loading=\"lazy\" width=\"1024\" height=\"768\" src=\"http:\/\/hotellaroseraie.fr\/wp-content\/uploads\/2021\/03\/File-00365-1024x768.jpg\" alt=\"\" data-id=\"173\" data-full-url=\"http:\/\/hotellaroseraie.fr\/wp-content\/uploads\/2021\/03\/File-00365-scaled.jpg\" data-link=\"http:\/\/hotellaroseraie.fr\/index.php\/welcome-to-hotel-galaxy-theme\/file-00365\/\" class=\"wp-image-173\" srcset=\"https:\/\/www.hotellaroseraie.fr\/wp-content\/uploads\/2021\/03\/File-00365-1024x768.jpg 1024w, https:\/\/www.hotellaroseraie.fr\/wp-content\/uploads\/2021\/03\/File-00365-300x225.jpg 300w, https:\/\/www.hotellaroseraie.fr\/wp-content\/uploads\/2021\/03\/File-00365-768x576.jpg 768w, https:\/\/www.hotellaroseraie.fr\/wp-content\/uploads\/2021\/03\/File-00365-1536x1152.jpg 1536w, https:\/\/www.hotellaroseraie.fr\/wp-content\/uploads\/2021\/03\/File-00365-2048x1536.jpg 2048w\" sizes=\"(max-width: 1024px) 100vw, 1024px\" \/><\/figure><\/li><li class=\"blocks-gallery-item\"><figure><img loading=\"lazy\" width=\"1024\" height=\"768\" src=\"http:\/\/hotellaroseraie.fr\/wp-content\/uploads\/2021\/03\/File-00371-1024x768.jpg\" alt=\"\" data-id=\"174\" data-full-url=\"http:\/\/hotellaroseraie.fr\/wp-content\/uploads\/2021\/03\/File-00371-scaled.jpg\" data-link=\"http:\/\/hotellaroseraie.fr\/index.php\/welcome-to-hotel-galaxy-theme\/file-00371-2\/\" class=\"wp-image-174\" srcset=\"https:\/\/www.hotellaroseraie.fr\/wp-content\/uploads\/2021\/03\/File-00371-1024x768.jpg 1024w, https:\/\/www.hotellaroseraie.fr\/wp-content\/uploads\/2021\/03\/File-00371-300x225.jpg 300w, https:\/\/www.hotellaroseraie.fr\/wp-content\/uploads\/2021\/03\/File-00371-768x576.jpg 768w, https:\/\/www.hotellaroseraie.fr\/wp-content\/uploads\/2021\/03\/File-00371-1536x1152.jpg 1536w, https:\/\/www.hotellaroseraie.fr\/wp-content\/uploads\/2021\/03\/File-00371-2048x1536.jpg 2048w\" sizes=\"(max-width: 1024px) 100vw, 1024px\" \/><\/figure><\/li><li class=\"blocks-gallery-item\"><figure><img loading=\"lazy\" width=\"1024\" height=\"768\" src=\"http:\/\/hotellaroseraie.fr\/wp-content\/uploads\/2021\/03\/File-00372-1024x768.jpg\" alt=\"\" data-id=\"175\" data-full-url=\"http:\/\/hotellaroseraie.fr\/wp-content\/uploads\/2021\/03\/File-00372-scaled.jpg\" data-link=\"http:\/\/hotellaroseraie.fr\/index.php\/welcome-to-hotel-galaxy-theme\/file-00372\/\" class=\"wp-image-175\" srcset=\"https:\/\/www.hotellaroseraie.fr\/wp-content\/uploads\/2021\/03\/File-00372-1024x768.jpg 1024w, https:\/\/www.hotellaroseraie.fr\/wp-content\/uploads\/2021\/03\/File-00372-300x225.jpg 300w, https:\/\/www.hotellaroseraie.fr\/wp-content\/uploads\/2021\/03\/File-00372-768x576.jpg 768w, https:\/\/www.hotellaroseraie.fr\/wp-content\/uploads\/2021\/03\/File-00372-1536x1152.jpg 1536w, https:\/\/www.hotellaroseraie.fr\/wp-content\/uploads\/2021\/03\/File-00372-2048x1536.jpg 2048w\" sizes=\"(max-width: 1024px) 100vw, 1024px\" \/><\/figure><\/li><li class=\"blocks-gallery-item\"><figure><img loading=\"lazy\" width=\"960\" height=\"720\" src=\"http:\/\/hotellaroseraie.fr\/wp-content\/uploads\/2021\/03\/La-Roseraie-18.jpg\" alt=\"\" data-id=\"180\" data-full-url=\"http:\/\/hotellaroseraie.fr\/wp-content\/uploads\/2021\/03\/La-Roseraie-18.jpg\" data-link=\"http:\/\/hotellaroseraie.fr\/index.php\/welcome-to-hotel-galaxy-theme\/la-roseraie-18\/\" class=\"wp-image-180\" srcset=\"https:\/\/www.hotellaroseraie.fr\/wp-content\/uploads\/2021\/03\/La-Roseraie-18.jpg 960w, https:\/\/www.hotellaroseraie.fr\/wp-content\/uploads\/2021\/03\/La-Roseraie-18-300x225.jpg 300w, https:\/\/www.hotellaroseraie.fr\/wp-content\/uploads\/2021\/03\/La-Roseraie-18-768x576.jpg 768w\" sizes=\"(max-width: 960px) 100vw, 960px\" \/><\/figure><\/li><\/ul><\/figure>\n\n\n\n<hr class=\"wp-block-separator is-style-wide\"\/>\n\n\n\n<p><\/p>\n\n\n\n<figure class=\"wp-block-gallery columns-3 is-cropped\"><ul class=\"blocks-gallery-grid\"><li class=\"blocks-gallery-item\"><figure><img loading=\"lazy\" width=\"1024\" height=\"768\" src=\"http:\/\/hotellaroseraie.fr\/wp-content\/uploads\/2021\/03\/received_4401481438718041-1024x768.jpeg\" alt=\"\" data-id=\"564\" data-link=\"http:\/\/hotellaroseraie.fr\/index.php\/welcome-to-hotel-galaxy-theme\/received_4401481438718041\/\" class=\"wp-image-564\" srcset=\"https:\/\/www.hotellaroseraie.fr\/wp-content\/uploads\/2021\/03\/received_4401481438718041-1024x768.jpeg 1024w, https:\/\/www.hotellaroseraie.fr\/wp-content\/uploads\/2021\/03\/received_4401481438718041-300x225.jpeg 300w, https:\/\/www.hotellaroseraie.fr\/wp-content\/uploads\/2021\/03\/received_4401481438718041-768x576.jpeg 768w, https:\/\/www.hotellaroseraie.fr\/wp-content\/uploads\/2021\/03\/received_4401481438718041-1536x1152.jpeg 1536w, https:\/\/www.hotellaroseraie.fr\/wp-content\/uploads\/2021\/03\/received_4401481438718041.jpeg 2016w\" sizes=\"(max-width: 1024px) 100vw, 1024px\" \/><\/figure><\/li><li class=\"blocks-gallery-item\"><figure><img loading=\"lazy\" width=\"1024\" height=\"768\" src=\"http:\/\/hotellaroseraie.fr\/wp-content\/uploads\/2021\/03\/received_4997616480720071-1024x768.jpeg\" alt=\"\" data-id=\"565\" data-link=\"http:\/\/hotellaroseraie.fr\/index.php\/welcome-to-hotel-galaxy-theme\/received_4997616480720071\/\" class=\"wp-image-565\" srcset=\"https:\/\/www.hotellaroseraie.fr\/wp-content\/uploads\/2021\/03\/received_4997616480720071-1024x768.jpeg 1024w, https:\/\/www.hotellaroseraie.fr\/wp-content\/uploads\/2021\/03\/received_4997616480720071-300x225.jpeg 300w, https:\/\/www.hotellaroseraie.fr\/wp-content\/uploads\/2021\/03\/received_4997616480720071-768x576.jpeg 768w, https:\/\/www.hotellaroseraie.fr\/wp-content\/uploads\/2021\/03\/received_4997616480720071-1536x1152.jpeg 1536w, https:\/\/www.hotellaroseraie.fr\/wp-content\/uploads\/2021\/03\/received_4997616480720071.jpeg 2016w\" sizes=\"(max-width: 1024px) 100vw, 1024px\" \/><\/figure><\/li><li class=\"blocks-gallery-item\"><figure><img loading=\"lazy\" width=\"1024\" height=\"768\" src=\"http:\/\/hotellaroseraie.fr\/wp-content\/uploads\/2021\/03\/received_5500324492921881-1024x768.jpeg\" alt=\"\" data-id=\"566\" data-full-url=\"http:\/\/hotellaroseraie.fr\/wp-content\/uploads\/2021\/03\/received_5500324492921881.jpeg\" data-link=\"http:\/\/hotellaroseraie.fr\/index.php\/welcome-to-hotel-galaxy-theme\/received_5500324492921881\/\" class=\"wp-image-566\" srcset=\"https:\/\/www.hotellaroseraie.fr\/wp-content\/uploads\/2021\/03\/received_5500324492921881-1024x768.jpeg 1024w, https:\/\/www.hotellaroseraie.fr\/wp-content\/uploads\/2021\/03\/received_5500324492921881-300x225.jpeg 300w, https:\/\/www.hotellaroseraie.fr\/wp-content\/uploads\/2021\/03\/received_5500324492921881-768x576.jpeg 768w, https:\/\/www.hotellaroseraie.fr\/wp-content\/uploads\/2021\/03\/received_5500324492921881-1536x1152.jpeg 1536w, https:\/\/www.hotellaroseraie.fr\/wp-content\/uploads\/2021\/03\/received_5500324492921881.jpeg 2016w\" sizes=\"(max-width: 1024px) 100vw, 1024px\" \/><\/figure><\/li><\/ul><\/figure>\n\n\n\n<p><\/p>\n","protected":false},"excerpt":{"rendered":"","protected":false},"author":1,"featured_media":0,"parent":0,"menu_order":0,"comment_status":"closed","ping_status":"closed","template":"","meta":[],"_links":{"self":[{"href":"https:\/\/www.hotellaroseraie.fr\/index.php\/wp-json\/wp\/v2\/pages\/5"}],"collection":[{"href":"https:\/\/www.hotellaroseraie.fr\/index.php\/wp-json\/wp\/v2\/pages"}],"about":[{"href":"https:\/\/www.hotellaroseraie.fr\/index.php\/wp-json\/wp\/v2\/types\/page"}],"author":[{"embeddable":true,"href":"https:\/\/www.hotellaroseraie.fr\/index.php\/wp-json\/wp\/v2\/users\/1"}],"replies":[{"embeddable":true,"href":"https:\/\/www.hotellaroseraie.fr\/index.php\/wp-json\/wp\/v2\/comments?post=5"}],"version-history":[{"count":21,"href":"https:\/\/www.hotellaroseraie.fr\/index.php\/wp-json\/wp\/v2\/pages\/5\/revisions"}],"predecessor-version":[{"id":610,"href":"https:\/\/www.hotellaroseraie.fr\/index.php\/wp-json\/wp\/v2\/pages\/5\/revisions\/610"}],"wp:attachment":[{"href":"https:\/\/www.hotellaroseraie.fr\/index.php\/wp-json\/wp\/v2\/media?parent=5"}],"curies":[{"name":"wp","href":"https:\/\/api.w.org\/{rel}","templated":true}]}}